0?
20
Calculate the greatest common divisor of 697 and 51.
17
What is the greatest common factor of 68 and 170?
34
Calculate the greatest common factor of 2349 and 348.
87
What is the highest common divisor of 9 and 27549?
9
What is the highest common divisor of 2795 and 65?
65
What is the greatest common divisor of 237 and 9?
3
Calculate the greatest common factor of 3402 and 3888.
486
Calculate the highest common divisor of 221 and 1853.
17
Calculate the highest common factor of 37 and 3.
1
Calculate the greatest common divisor of 9869 and 417.
139
What is the greatest common factor of 744 and 3844?
124
Calculate the greatest common factor of 57 and 1216.
19
Calculate the greatest common divisor of 25 and 125.
25
What is the highest common factor of 315 and 105?
105
Calculate the highest common divisor of 2725 and 125.
25
What is the greatest common divisor of 8701 and 77?
77
Calculate the highest common factor of 63 and 7.
7
What is the greatest common divisor of 938 and 536?
134
Calculate the greatest common divisor of 1918 and 14.
14
What is the greatest common factor of 1903 and 11?
11
What is the highest common divisor of 40 and 260?
20
Calculate the greatest common factor of 27175 and 25.
25
Calculate the greatest common divisor of 1957 and 309.
103
Calculate the highest common divisor of 350 and 210.
70
Calculate the greatest common factor of 32 and 2592.
32
What is the highest common factor of 6 and 3018?
6
Calculate the highest common divisor of 15 and 33.
3
What is the greatest common divisor of 93 and 62?
31
Calculate the highest common divisor of 28 and 567.
7
What is the highest common divisor of 400 and 350?
50
What is the greatest common divisor of 110 and 10?
10
Calculate the highest common divisor of 15 and 30.
15
Calculate the greatest common factor of 7 and 763.
7
Calculate the greatest common factor of 2185 and 95.
95
What is the highest common divisor of 5 and 49?
1
Calculate the greatest common factor of 69 and 3.
3
What is the greatest common divisor of 980 and 1050?
70
Calculate the greatest common divisor of 550 and 1155.
55
What is the highest common divisor of 171 and 27?
9
What is the highest common factor of 14 and 350?
14
What is the greatest common factor of 2613 and 117?
39
What is the greatest common divisor of 2436 and 140?
28
What is the highest common factor of 364 and 52?
52
What is the highest common divisor of 23346 and 18?
18
What is the greatest common divisor of 28 and 308?
28
Calculate the highest common factor of 204 and 2499.
51
Calculate the greatest common divisor of 3822 and 156.
78
What is the highest common divisor of 12 and 732?
12
What is the greatest common divisor of 130 and 80?
10
Calculate the highest common factor of 4 and 108.
4
Calculate the greatest common divisor of 5 and 185.
5
Calculate the highest common divisor of 6634 and 62.
62
Calculate the greatest common factor of 4 and 52.
4
Calculate the greatest common divisor of 84 and 1246.
14
What is the highest common factor of 56 and 648?
8
Calculate the greatest common factor of 195 and 30.
15
Calculate the greatest common divisor of 297 and 44.
11
Calculate the greatest common factor of 165 and 12595.
55
Calculate the greatest common factor of 288 and 42.
6
What is the greatest common divisor of 48 and 78?
6
What is the greatest common factor of 390 and 11570?
130
Calculate the highest common divisor of 232 and 216.
8
Calculate the highest common factor of 305 and 61.
61
What is the greatest common factor of 456 and 2?
2
What is the highest common factor of 640 and 5?
5
Calculate the greatest common divisor of 1278 and 18.
18
What is the highest common factor of 31424 and 64?
64
What is the highest common factor of 687 and 916?
229
Calculate the greatest common divisor of 30609 and 179.
179
Calculate the highest common divisor of 98 and 931.
49
What is the greatest common factor of 330 and 5370?
30
Calculate the highest common factor of 51 and 816.
51
Calculate the highest common factor of 77 and 2037.
7
Calculate the highest common factor of 119 and 595.
119
Calculate the highest common divisor of 2378 and 82.
82
Calculate the highest common factor of 88 and 121.
11
What is the highest common factor of 10682 and 218?
218
What is the highest common divisor of 775 and 186?
31
What is the highest common divisor of 180 and 140?
20
Calculate the greatest common factor of 28 and 1799.
7
What is the greatest common divisor of 30 and 60?
30
Calculate the greatest common divisor of 178 and 3293.
89
Calculate the greatest common factor of 649 and 295.
59
What is the highest common divisor of 63 and 7?
7
What is the highest common divisor of 704 and 2222?
22
What is the highest common divisor of 1224 and 72?
72
Calculate the greatest common divisor of 885 and 15.
15
Calculate the highest common divisor of 1424 and 16.
16
What is the greatest common factor of 65 and 1555?
5
What is the highest common factor of 195 and 60?
15
Calculate the highest common factor of 6 and 141.
3
Calculate the greatest common factor of 526 and 2.
2
What is the greatest common factor of 178 and 44?
2
Calculate the greatest common divisor of 1404 and 144.
36
Calculate the highest common divisor of 1827 and 435.
87
What is the greatest common factor of 464 and 76?
4
Calculate the greatest common factor of 24 and 2868.
12
Calculate the highest common divisor of 416 and 96.
32
What is the greatest common factor of 468 and 3159?
117
Calculate the greatest common factor of 640 and 2720.
160
Calculate the greatest common factor of 64 and 5824.
64
Calculate the greatest common divisor of 284 and 16.
4
What is the greatest common factor of 2573 and 83?
83
What is the highest common factor of 252 and 144?
36
What is the highest common factor of 144 and 1548?
36
What is the highest common divisor of 3 and 1671?
3
Calculate the greatest common factor of 306 and 561.
51
What is the greatest common divisor of 77 and 21?
7
What is the greatest common divisor of 276 and 1716?
12
What is the highest common divisor of 21 and 87?
3
Calculate the highest common factor of 324 and 132.
12
Calculate the highest common divisor of 10 and 610.
10
What is the highest common divisor of 60 and 156?
12
Calculate the highest common factor of 74 and 17982.
74
What is the highest common factor of 791 and 126?
7
What is the greatest common factor of 198 and 27918?
198
What is the greatest common divisor of 12 and 66?
6
What is the highest common divisor of 64 and 416?
32
Calculate the highest common divisor of 1159 and 1891.
61
Calculate the highest common divisor of 17 and 544.
17
What is the highest common factor of 544 and 64?
32
Calculate the greatest common divisor of 31217 and 106.
53
What is the highest common divisor of 9 and 487?
1
Calculate the highest common factor of 276 and 96.
12
Calculate the highest common divisor of 242 and 44.
22
What is the greatest common divisor of 376 and 2585?
47
Calculate the greatest common divisor of 4506 and 6.
6
Calculate the highest common divisor of 3348 and 27.
27
Calculate the highest common factor of 14 and 10458.
14
What is the greatest common factor of 5067 and 9?
9
What is the greatest common divisor of 1296 and 208?
16
Calculate the highest common factor of 575 and 2185.
115
What is the highest common divisor of 300 and 930?
30
Calculate the highest common factor of 25 and 45.
5
What is the greatest common factor of 3726 and 1134?
162
What is the greatest common factor of 26 and 299?
13
What is the highest common divisor of 6565 and 130?
65
Calculate the highest common factor of 13 and 11947.
13
What is the greatest common factor of 106 and 901?
53
What is the greatest common divisor of 9 and 78?
3
What is the highest common divisor of 20 and 165?
5
Calculate the highest common factor of 488 and 8.
8
Calculate the highest common divisor of 88 and 11.
11
Calculate the highest common factor of 3 and 867.
3
What is the highest common divisor of 14 and 1561?
7
Calculate the highest common divisor of 21 and 119.
7
What is the highest common factor of 78 and 12?
6
Calculate the highest common factor of 266 and 570.
38
What is the highest common divisor of 41430 and 60?
30
Calculate the greatest common factor of 322 and 98.
14
What is the highe